r when 159 is divided by p?
27
Let c = 294 + -292. Calculate the remainder when 36 is divided by c.
0
Suppose 6*n - 242 = 706. What is the remainder when n is divided by 9?
5
Suppose 11*j = -162 + 558. What is the remainder when j is divided by 8?
4
Let p(x) = -3*x + 13. Let c be p(7). Let v be 96/c*(-2)/4. Suppose t = v*t - 75. What is the remainder when 59 is divided by t?
14
Suppose 13*u - 12*u = 5*g + 11, -5*u + 113 = 4*g. Let j = 17 + -9. What is the remainder when u is divided by j?
5
Let d(g) = g**2 - 7. Let t be d(-3). Calculate the remainder when 53 is divided by ((-4)/12)/(t/(-54)).
8
Suppose 3*g = -12, -3*g = 6*z - 2*z + 8. What is the remainder when 11 is divided by z/10*74 - 14/35?
4
Suppose -23*l + 28*l - 1315 = 0. Let s = l + -92. What is the remainder when s is divided by 29?
26
Suppose 2*i - 30 = -2*z + 58, -z + 2*i = -44. Calculate the remainder when z is divided by 24.
20
Suppose -4*g + 3*g = a - 2, -4*a = -3*g - 15. Let n = -3 + a. Suppose n = q - 3, -r - 3*q + 43 = -2*q. Calculate the remainder when r is divided by 21.
19
Let x be (-45)/2 - 15/(-10). Suppose -2*v + 0 + 84 = 0. Let c = v + x. What is the remainder when c is divided by 12?
9
Suppose 0 = -3*q + 9. Suppose -y - 3*l = -18, 0*y - 29 = -q*y - 4*l. Calculate the remainder when 9 is divided by (-2)/(-2 - -1)*y.
3
Suppose -6*b = -33*b + 567. Calculate the remainder when 93 is divided by b.
9
What is the remainder when 101 is divided by 5650/350 - (-12)/14?
16
Suppose 2*o + 120 = 3*m, 0 = o + 4*o. Let w = -9 + m. What is the remainder when w is divided by 8?
7
Let h(g) = -g**2 - 15*g - 21. Let i be h(-13). Suppose -i*q + 34 = -6. Calculate the remainder when 22 is divided by q.
6
Let r = 34 + -27. Suppose 2*j + r = 3*j. Calculate the remainder when 17 is divided by j.
3
Let g be 2 + (-1)/(-2)*2. Let p(b) = -22*b + 288. Let w be p(13). Suppose w*y = g*v - 157, -3*y - 153 = -4*v + v. What is the remainder when v is divided by 14?
13
Let l(n) = -23*n + 198. Let k(c) = -10*c + 1. Let a be (-7)/2 + 1/(-2). Calculate the remainder when k(a) is divided by l(8).
13
Let j be (-3 + 6 + -1)/2. Let i(x) = -3*x + 5. Calculate the remainder when 4 is divided by i(j).
0
Let g(u) = -u**3 + u**2 + u + 25. Let k be g(0). Let v be -5*(-5)/(k/2). What is the remainder when 41 is divided by -6*(v + (-22)/4)?
20
Let z(h) = -h**3 - 4*h**2 + 3*h. Suppose -4*q + 2*l + 81 = -29, 4*q - l = 115. What is the remainder when q is divided by z(-5)?
0
Suppose 3*n + 4*t = 38, 2*n + 5*t - 20 - 10 = 0. Let a(l) = l**2 - 3*l + 1. Let x be a(3). What is the remainder when (1/1 - x) + 17 is divided by n?
7
Suppose -k = 3*k - 16. Suppose -k = 3*b + 5. What is the remainder when (b - 0) + 21 - 3 is divided by 6?
3
Let p(c) = -c**3 + 7. Let t(z) = z**2 + 6*z**2 + 4*z - 6*z**2. Calculate the remainder when p(0) is divided by t(-5).
2
Suppose 4*d - 97 = 4*u + 3*d, 0 = 2*d - 2. Let a = -18 - u. What is the remainder when a is divided by 1?
0
Suppose 11 = -3*q + 3*k + 59, 3*q + 3*k = 72. Let f(l) = 2*l**3 - l**2 + 3*l + 4. Let v be (3/2)/((-15)/(-30)). What is the remainder when f(v) is divided by q?
18
Suppose d = 3*m + 6 + 3, 0 = 4*d - 4*m - 28. Calculate the remainder when 92 is divided by d.
2
Calculate the remainder when (-10)/35 - ((-1800)/(-28))/(-1) is divided by 41.
23
Suppose -3890*g + 3887*g + 33 = 0. Calculate the remainder when 261 is divided by g.
8
Let y(s) = -2*s + 9. Let u(x) = -2*x**2 - 10*x - 4. Let l be u(-5). Calculate the remainder when y(l) is divided by 5.
2
Let i(j) = -j**3 + 10*j**2 + 22*j - 34. What is the remainder when 147 is divided by i(11)?
60
Suppose -181*l + 178*l = -99. What is the remainder when 60 is divided by l?
27
Suppose 5*v + 1985 = 5*d, -3*v = d - 8*v - 377. Calculate the remainder when d is divided by 13.
12
Let k = -338 + 365. What is the remainder when 236 is divided by k?
20
Suppose 86 - 72 = l. What is the remainder when 4/16 - -1*(-662)/(-8) is divided by l?
13
Suppose 6*d - 2*d - 20 = 0. Suppose 0*v + 3*v - 4*i = -12, -2*v + d*i = 15. Suppose 0 = -v*r - 4*r + 104. Calculate the remainder when 49 is divided by r.
23
Suppose -36 = -5*t - 6*k + 7*k, -5*t = 2*k - 48. Let j = 8 + -8. Suppose j*r - 45 = -3*r. What is the remainder when r is divided by t?
7
Suppose -193 = -19*l + 206. What is the remainder when 157 is divided by l?
10
Let w(x) = -8*x - 183. What is the remainder when w(-40) is divided by 68?
1
Suppose -2*p = 5*a - 20, -a + 2*p = -p - 4. Suppose 5*h + 65 = 4*w - 7, 3*h - 104 = -a*w. Calculate the remainder when w is divided by 5.
3
Let d = 25 + -19. Suppose 413 + 1561 = d*x. What is the remainder when x is divided by 33?
32
Calculate the remainder when 119/(-51) - (-992)/6 is divided by 41.
40
Let l(o) = o**3 + 4*o**2 + o - 2. Let x be l(-3). Let q = -16 - -20. What is the remainder when 75/11 + x/22 is divided by q?
3
Let y be 88/(-16) - (-6)/4. Let k be (-396)/16 + 1/y. Let m = 43 + k. Calculate the remainder when m is divided by 5.
3
Suppose 0*z = 3*z. Let a(n) = n + 15. Let b be a(z). Suppose b*l - 17*l = -8. Calculate the remainder when 5 is divided by l.
1
Suppose 2*a + 4*t = 120, -14 = -5*t + 6. Calculate the remainder when 253 is divided by a.
45
Suppose -4*b + 47 = 3*f, -3*f = 5*b - 72 + 14. Let x = -1 - -52. Calculate the remainder when x is divided by b.
7
Suppose 0 = -p - 3*u + 2, -4*p - 2*u + 18 = -0*p. Suppose 32*d = 28*d + 72. Suppose d = p*i - 227. Calculate the remainder when i is divided by 10.
9
Let y(z) be the first derivative of z**3/3 + 6*z**2 + 12*z + 56. Let f be 0 - 2/(-2)*-14. What is the remainder when y(f) is divided by 11?
7
Let i = 49 - 31. Let a = 25 - i. Calculate the remainder when 3 + (-2)/(-9) + 237/27 is divided by a.
5
Let o(w) = -5*w**3 - 3*w**2 + 3*w + 18. What is the remainder when o(-3) is divided by 52?
13
Let l(d) = d**3 + 2*d**2 + 11*d + 29. What is the remainder when l(7) is divided by 79?
73
Let q = 10 - -12. Suppose -4*h - q - 106 = -2*y, -h = -3*y + 187. Suppose -o - o + 28 = a, 4*o + 5*a - y = 0. Calculate the remainder when 48 is divided by o.
9
Let b(q) = q**3 - 14*q**2 + 14*q - 11. Let y be b(13). Suppose y*l + 60 = 4*l. Calculate the remainder when l is divided by 2/7 - (-54)/7.
6
Let p = -13 + 8. Let s(q) = -4*q - 10. Calculate the remainder when 26 is divided by s(p).
6
Calculate the remainder when 69 is divided by 162/(18/(-2))*-3.
15
Let p(t) = -t**3 - t**2 - t - 1. Let n be p(-1). Suppose -3*b - 1 - 83 = n. What is the remainder when (-231)/14*b/6 is divided by 39?
38
Let t = 5 + -2. Suppose -k = -t*u + 14, 10 = -k - k. Calculate the remainder when u is divided by 3.
0
Let i be (8/(-6))/(1/(-3)). Let d = 49 + -45. Suppose -d*z = -m - 334, i*m - 3*m = -z + 81. What is the remainder when z is divided by 21?
20
Suppose 0 = h - 6*h + 2*f + 503, -h = -3*f - 98. What is the remainder when h is divided by 2*((-4 + 5)*13)/1?
23
Suppose 4*f + f = -a + 1, 5*a + 3*f - 49 = 0. What is the remainder when a is divided by 4?
3
Suppose 2*p - 39 = -3*k, 0 = -5*p + 4*k - 14 + 77. Let c(w) = -w**3 - 6*w**2 - 8. Calculate the remainder when c(-7) is divided by p.
11
Suppose 6*m - 128 - 202 = 0. Suppose 2*r - 3*v - m = 0, -4*r + 2*v + 95 = -r. Calculate the remainder when r is divided by 12.
11
Let b = -103 + 128. Calculate the remainder when 93 is divided by b.
18
Calculate the remainder when 248 is divided by (1/2)/(16/672).
17
Suppose -2*i - 15 = -5*i. Suppose 0 = 2*a - a - i. Calculate the remainder when (-6 - 4)*a/(-2) is divided by 13.
12
Suppose 16*x + x = 442. What is the remainder when 73 is divided by x?
21
Let g = -2 + -2. Let y = 19 + g. Calculate the remainder when 44 is divided by y.
14
Let y(z) = -13*z - 257. What is the remainder when y(-26) is divided by 22?
15
Suppose -21*i - 4*i + 975 = 0. Calculate the remainder when 190 is divided by i.
34
Calculate the remainder when 3/(3/78*(-4)/(-6)) is divided by 17.
15
Let a(z) = -z**2 + 14*z - 15. Let k = 18 + -7. Suppose c - 15 + 5 = 0. Calculate the remainder when a(k) is divided by c.
8
Let s(n) = 2*n - 11. Let b be s(11). Suppose 13*v = b*v + 6. Calculate the remainder when 10 is divided by v.
1
Suppose 0 = -0*n + 4*n - 8. Suppose t = -5*f + 69, n*f - f = t - 99. What is the remainder when t is divided by 24?
22
Let q be (-1)/((-5)/(-2685)*-3). Supp